 b = 61 + d. List the prime factors of b.
2, 37
Let n(z) = -z**3 + 4*z**2 - 2*z + 1. Let g be n(3). What are the prime factors of 1/g - (-4275)/36?
7, 17
Suppose -170 = 3*l - 8*l. Let d be (-22)/4 - (-5)/(-10). List the prime factors of l/d*(-2 - 1).
17
Let d(s) = s**3 + s**2 + 5*s + 5. Let f be d(-4). List the prime factors of 14/f - (-1048)/18.
2, 29
Let f(q) = q**2 - 9*q + 49. Let r be f(6). Let g = 4 + r. List the prime factors of g.
5, 7
Let d = -92 + 49. Let q = d + 99. What are the prime factors of q?
2, 7
Let b = 2940 + -1555. What are the prime factors of b?
5, 277
Let p(t) be the second derivative of -3*t**5/4 + t**4/12 - t**2/2 + 19*t. What are the prime factors of p(-2)?
3, 41
Let p be 624/32*52/6. Suppose -279 - p = -4*d. What are the prime factors of d?
2, 7
Suppose -2*w + 0*w + 15 = -a, w = a + 10. Suppose -2*l = 5*n + 2*l + 4, w*n - 2*l = -28. Let s(p) = -p**2 - 5*p - 1. List the prime factors of s(n).
3
Suppose -62*r + 83482 = -144244. What are the prime factors of r?
3673
Let q(i) = -2*i + 25. Let u be q(0). Suppose -u = -2*g - 3*g, 4*g = -5*l + 215. What are the prime factors of l?
3, 13
Suppose -5*x - 10 = 0, 4*z + 127 = 3*x + 1569. List the prime factors of z.
359
Suppose 23*l - 25*l = -3*r - 3414, -2*r + 1693 = l. What are the prime factors of l?
3, 7
Suppose -2*z + 29 - 251 = 2*i, -i = 5*z + 95. Let g = i + 225. What are the prime factors of g?
2, 5, 11
Let w(r) = r**3 + 23*r**2 + 2. Let h be w(-23). Suppose h*v + 450 = 8*v. What are the prime factors of v?
3, 5
Suppose -4*t - 21*f = -17*f - 4620, -5*t - f = -5767. What are the prime factors of t?
1153
Let f(y) = -y**2 + 3*y - 16. Let n be f(5). Let b = -23 - n. Suppose -5*p = -4*q + 41, b*q - 3*p = -6*p + 51. What are the prime factors of q?
2, 7
Let k(f) = -11*f - 1. Let h be k(-2). What are the prime factors of (-4)/(-14) + 2976/h?
2, 71
Let u(s) = -s**3 - 48*s**2 + 57*s - 111. What are the prime factors of u(-50)?
2039
Let n(c) = 2*c**2 + 23*c + 14. What are the prime factors of n(-15)?
7, 17
Let c(z) = -2*z**2 - 11*z + 4090. What are the prime factors of c(0)?
2, 5, 409
Let j be 2178/36 - (-2)/(-4). Let z = j - -38. List the prime factors of z.
2, 7
Let l be (-1 + 3)/(3 - 2). Suppose -f + 3 = 2, 3*f + 33 = l*w. What are the prime factors of (-6)/(-9)*w + -1?
11
Let k(q) = -137*q + 219. What are the prime factors of k(-5)?
2, 113
Suppose -5*t = -4*x + 110 + 49, 0 = -5*x - 3*t + 245. What are the prime factors of x?
2, 23
Let y = -46 + 21. Suppose -7*q - 128 = -499. Let c = q + y. What are the prime factors of c?
2, 7
Suppose -8*n + 4*n = 1656. Let x = n + 613. List the prime factors of x.
199
Suppose -174 = -g + 5*p, 3*g = 2*g - 2*p + 188. Suppose 3*u + j + 104 = 0, 4*j + g = -5*u - 1. Let n = -21 - u. What are the prime factors of n?
2, 3
Let z(i) = 5*i**3 + 6*i**2 + 4*i - 8. Let w(x) = 5*x**3 + 7*x**2 + 5*x - 9. Let g(o) = -4*w(o) + 5*z(o). What are the prime factors of g(3)?
149
Suppose 10*n - 11813 = 12577. List the prime factors of n.
3, 271
Let r(a) = 252*a + 3. Let x be r(1). Suppose s = 3*o - 815, 9*s - 6*s = -o + x. What are the prime factors of o?
2, 3, 5
Let l(t) = t**3 + 8*t**2 + 6*t + 9. Let f be l(-5). Let s(k) = 78*k**2 + k - 1. Let c be s(1). Let d = c - f. List the prime factors of d.
2, 3
Let y be (0/(-1 + -4))/2. Suppose -4*d = 2*n - 2*d - 40, y = 5*n - 2*d - 121. What are the prime factors of n?
23
Suppose -j = -4*k - 14, 6*j - k - 9 = 3*j. Suppose j*m = a - 5*a + 358, 5*a = -4*m + 449. What are the prime factors of a?
89
Let f be (-1)/4 - (-55)/(-4). Let p = 39 + f. List the prime factors of p.
5
Let t be 6 + 1 - 4 - -87. Suppose 0 = 2*v - v - t. Let p = v - 43. What are the prime factors of p?
47
Let i = 2234 + -1554. What are the prime factors of i?
2, 5, 17
Let g(v) = -276*v + 1105. What are the prime factors of g(-9)?
37, 97
Let u be 9 + -2*(5 + -3). Suppose -9*z + u*z = -180. What are the prime factors of z?
3, 5
Let l(c) = c**3 + c**2 - 2*c - 4. Let f = 6 - 0. Let a be 2*((-9)/f - -3). List the prime factors of l(a).
2, 13
Let m(k) be the third derivative of 7*k**4/24 + k**3/6 + k**2. List the prime factors of m(2).
3, 5
Suppose 25*s = 38*s - 22607. What are the prime factors of s?
37, 47
List the prime factors of (-13846)/(-4) + 85/34.
2, 433
Suppose -3*n + 4 + 5 = 0. Let k be n - (-40 - (-3)/1). Suppose -2*w + w = -m - 23, 5*m = 2*w - k. What are the prime factors of w?
5
Let m = 653 + -346. What are the prime factors of m?
307
Let s be -1 - (2/4 - (-2247)/(-14)). Let r = s + -17. What are the prime factors of r?
2, 71
Let t = 15 - 29. Let m = 24 + t. List the prime factors of m.
2, 5
Suppose 4*o + 12 = -x + 3, -x + 3*o + 19 = 0. Let p = 28 + x. List the prime factors of p.
5, 7
List the prime factors of 12/(-2) - (-140 - 23).
157
Suppose -3*a - 2*p + 7 = 0, -a + 2*p = -1 - 4. Suppose g - 27 = a*w, 2*w - 6 = -0*w. List the prime factors of g.
2, 3
Let h(d) = 12*d**3 - 2*d**2 + 2*d - 1. Let f = -23 + 24. Let q be h(f). Suppose -12 = q*z - 13*z. List the prime factors of z.
2, 3
Let o(x) = 183*x + 31. List the prime factors of o(4).
7, 109
Let a = 40 - 32. Suppose 12*w - 936 = a*w. List the prime factors of w.
2, 3, 13
List the prime factors of (-3 - 3) + (4 - (-5440)/5).
2, 3, 181
Suppose 0 = -22*f - 1648 + 40148. List the prime factors of f.
2, 5, 7
List the prime factors of -92*2*(2 - (7 - -2)).
2, 7, 23
Let v = 615 - -54. List the prime factors of v.
3, 223
Let s = 28 + -26. Suppose 0 = s*z + 4*q - 150 - 198, 4*z + 3*q - 671 = 0. What are the prime factors of z?
2, 41
Suppose -3*z - m + 3378 = 0, 0*z - z + 4*m = -1139. List the prime factors of z.
7, 23
Let z = 4 + -4. Suppose -5*c + z*c + 35 = 0. What are the prime factors of c?
7
Suppose 0 = -2*o + 4*f + 2, -o - 2 = -4*f - 3. Let j(u) = 124*u + 1. Let q be j(o). Suppose w = 4*y + 3*w - 100, 5*y - q = -2*w. List the prime factors of y.
5
Suppose 0 = -17*d - 6196 + 25032. What are the prime factors of d?
2, 277
Suppose 0*b = b. Let o be (b + -2)*(-10)/4. Suppose 26 + o = r. What are the prime factors of r?
31
Let o be -2 - 1*(-1)/1. What are the prime factors of 34/(-8) - o/4 - -176?
2, 43
Let u(g) be the second derivative of g**4/12 - g**3/2 - 15*g**2/2 - 23*g. What are the prime factors of u(-9)?
3, 31
Let r = 123 + -82. Let a = 161 - r. List the prime factors of a.
2, 3, 5
Suppose 0 = 54*x - 4816 - 5444. What are the prime factors of x?
2, 5, 19
Suppose -12*u + 26809 = -635. What are the prime factors of u?
2287
List the prime factors of 0 + 10 + -9 - (-1250)/1.
3, 139
Let l = 32 + 46. List the prime factors of l.
2, 3, 13
What are the prime factors of (-19)/((-76)/24) + (-5862)/(-2)?
3, 11, 89
Suppose 33*a - 1314 = 30*a. What are the prime factors of a?
2, 3, 73
Let f = -2 - -5. Suppose -f*m + 209 - 50 = 0. What are the prime factors of m?
53
Suppose 3*p + 12 = 3*w, 3*p = -5*w + p - 8. Suppose w = -0*h - 2*h + 4. Suppose -4*f + 2*c = -74, 2*c = 3*f - h*c - 43. List the prime factors of f.
3, 7
Suppose 3*t - 4*t + 592 = 4*d, 0 = -2*d. What are the prime factors of t?
2, 37
Let r(h) = -2*h**3 + 90*h**2 - 54*h - 141. List the prime factors of r(44).
5, 271
Let v(z) = 2*z - 18. Let l be v(11). Suppose a + 472 = l*s, -5*s + a + 615 = 6*a. List the prime factors of s.
7, 17
Let p(s) be the third derivative of 13*s**6/60 + s**5/60 - s**3/6 - 3*s**2. List the prime factors of p(1).
2, 13
Suppose -161 = -2*q - 383. Let a = q + 159. Suppose p - 34 = -5*g, -4*g - 4*p + a = 8. What are the prime factors of g?
2, 3
Suppose -2*h + 3*u = -3*h + 11, 19 = 2*h + 5*u. Let l(a) = 91*a**3 + 3*a + h - a - 92*a**3. What are the prime factors of l(-2)?
2, 3
Let q(p) be the first derivative of 10*p**3 + 7*p**2/2 + 4*p + 28. List the prime factors of q(3).
5, 59
Let m(i) = -5*i - 20. Let p be m(-5). Suppose p*u - 41 - 19 = 0. What are the prime factors of u?
2, 3
Suppose -4*x = z + 51, 5*z + 34 = -0*x - 3*x. Suppose 43 = 5*y - 4*p - 114, -122 = -4*y + 5*p. Let v = y + x. List the prime factors of v.
2, 5
Let s(x) = -x**3 + 15*x**2 - 19*x - 9. Let i(k) = -k**3 + 21*k**2 - 37*k - 6. Let t be i(19). List the prime factors of s(t).
2, 41
Suppose -9834 = -14*a + 5650. List the prime factors of a.
2, 7, 79
Let b(l) = 22*l**2 + 3*l + 2. Let h be b(-1). Let j = -49 + h. Let g = -16 - j. What are the prime facto